0 and 4100.
100
What is the highest common factor of 21 and 7329?
21
What is the greatest common divisor of 3686 and 388?
194
What is the highest common factor of 150 and 1600?
50
What is the greatest common factor of 600 and 48?
24
Calculate the highest common divisor of 17 and 17.
17
Calculate the greatest common factor of 26 and 1586.
26
What is the highest common divisor of 42 and 126?
42
Calculate the highest common factor of 28 and 2604.
28
What is the greatest common divisor of 2050 and 82?
82
What is the highest common factor of 152 and 380?
76
Calculate the greatest common factor of 9 and 2007.
9
Calculate the greatest common factor of 731 and 17.
17
What is the greatest common factor of 70 and 385?
35
What is the greatest common divisor of 2 and 1492?
2
What is the highest common divisor of 81 and 8991?
81
Calculate the highest common divisor of 3 and 29.
1
Calculate the greatest common factor of 42 and 483.
21
What is the greatest common factor of 12 and 1524?
12
Calculate the greatest common factor of 1665 and 592.
37
What is the greatest common divisor of 72 and 150?
6
What is the highest common divisor of 152 and 1824?
152
Calculate the highest common divisor of 735 and 315.
105
What is the highest common factor of 56 and 14?
14
What is the highest common divisor of 100 and 125?
25
What is the greatest common factor of 88 and 22?
22
What is the greatest common divisor of 20 and 9770?
10
Calculate the highest common factor of 65 and 78.
13
What is the greatest common factor of 30 and 330?
30
Calculate the highest common divisor of 46 and 18.
2
Calculate the greatest common factor of 19 and 1311.
19
What is the greatest common divisor of 2327 and 13?
13
Calculate the greatest common divisor of 19 and 152.
19
What is the highest common factor of 45 and 225?
45
What is the greatest common divisor of 80 and 640?
80
What is the highest common factor of 465 and 135?
15
Calculate the highest common factor of 156 and 273.
39
What is the greatest common divisor of 190 and 38?
38
Calculate the greatest common divisor of 488 and 1525.
61
Calculate the highest common divisor of 3768 and 24.
24
What is the greatest common divisor of 483 and 69?
69
Calculate the greatest common factor of 1197 and 456.
57
Calculate the greatest common factor of 1610 and 184.
46
What is the highest common factor of 912 and 95?
19
What is the greatest common divisor of 106 and 2862?
106
What is the greatest common divisor of 105 and 11235?
105
What is the highest common factor of 75 and 6?
3
Calculate the greatest common divisor of 3630 and 55.
55
What is the highest common divisor of 449 and 13?
1
What is the greatest common divisor of 272 and 7412?
68
Calculate the highest common factor of 47 and 47.
47
Calculate the greatest common divisor of 46 and 46.
46
Calculate the highest common factor of 10 and 4550.
10
What is the highest common factor of 806 and 130?
26
Calculate the greatest common divisor of 208 and 234.
26
Calculate the greatest common divisor of 1746 and 126.
18
Calculate the greatest common factor of 14 and 1183.
7
What is the highest common factor of 248 and 31?
31
What is the greatest common divisor of 35036 and 38?
38
What is the greatest common factor of 184 and 4600?
184
What is the greatest common factor of 9393 and 186?
93
What is the greatest common factor of 378 and 1953?
63
Calculate the greatest common divisor of 532 and 76.
76
What is the highest common factor of 2 and 512?
2
What is the greatest common factor of 377 and 203?
29
Calculate the highest common divisor of 58 and 754.
58
What is the highest common divisor of 12 and 38604?
12
Calculate the greatest common divisor of 273 and 9633.
39
What is the greatest common factor of 85 and 30?
5
What is the highest common factor of 522 and 2146?
58
What is the highest common factor of 1368 and 11096?
152
Calculate the highest common factor of 31 and 2449.
31
Calculate the greatest common factor of 38 and 8474.
38
What is the highest common factor of 8023 and 71?
71
What is the highest common divisor of 427 and 61?
61
What is the highest common divisor of 111 and 259?
37
What is the greatest common factor of 70 and 1120?
70
Calculate the greatest common divisor of 85 and 153.
17
What is the greatest common factor of 14 and 2?
2
What is the greatest common divisor of 72 and 96?
24
What is the greatest common factor of 3 and 1707?
3
What is the greatest common factor of 66 and 561?
33
What is the greatest common divisor of 272 and 34?
34
What is the highest common divisor of 387 and 86?
43
Calculate the greatest common factor of 10858 and 122.
122
Calculate the highest common factor of 111 and 82029.
111
Calculate the highest common factor of 4913 and 272.
17
Calculate the greatest common factor of 1692 and 468.
36
What is the highest common factor of 3885 and 75?
15
Calculate the greatest common factor of 372 and 492.
12
What is the greatest common factor of 26 and 78?
26
Calculate the highest common factor of 780 and 13.
13
What is the greatest common divisor of 42 and 4648?
14
What is the highest common factor of 957 and 165?
33
What is the greatest common factor of 55 and 1375?
55
What is the greatest common factor of 70 and 100?
10
What is the highest common divisor of 32 and 320?
32
Calculate the highest common factor of 234 and 7878.
78
What is the highest common divisor of 392 and 833?
49
Calculate the highest common factor of 33237 and 27.
27
What is the highest common factor of 848 and 16?
16
What is the greatest common divisor of 6468 and 147?
147
What is the greatest common factor of 24 and 3?
3
Calculate the greatest common factor of 807 and 35239.
269
What is the highest common factor of 304 and 48?
16
What is the highest common divisor of 185 and 333?
37
What is the highest common divisor of 1 and 269?
1
Calculate the greatest common factor of 242 and 2618.
22
What is the highest common factor of 404 and 10201?
101
What is the highest common factor of 660 and 540?
60
What is the greatest common factor of 12 and 132?
12
What is the greatest common divisor of 1190 and 49?
7
What is the greatest common divisor of 25 and 25?
25
Calculate the highest common divisor of 33956 and 156.
52
What is the greatest common divisor of 7676 and 76?
76
What is the greatest common factor of 100 and 160?
20
What is the highest common divisor of 30 and 495?
15
What is the highest common divisor of 18 and 384?
6
Calculate the highest common divisor of 3236 and 8.
4
Calculate the greatest common divisor of 10 and 215.
5
What is the greatest common divisor of 154 and 3784?
22
Calculate the highest common factor of 91 and 2275.
91
What is the highest common factor of 2640 and 66?
66
What is the greatest common divisor of 162 and 864?
54
Calculate the greatest common divisor of 107 and 321.
107
What is the highest common divisor of 704 and 64?
64
What is the greatest common divisor of 884 and 1292?
68
What is the greatest common divisor of 72 and 28?
4
Calculate the greatest common factor of 781 and 44.
11
Calculate the greatest common divisor of 40 and 170.
10
Calculate the greatest common divisor of 24 and 70008.
24
What is the highest common factor of 166 and 100762?
166
Calculate the highest common divisor of 105 and 35.
35
Calculate the highest common factor of 221 and 52.
13
Calculate the highest common factor of 141 and 282.
141
Calculate the highest common factor of 1568 and 32.
32
Calculate the greatest common divisor of 1264 and 79.
79
What is the greatest common factor of 1364 and 93?
31
Calculate the highest common factor of 100 and 220.
20
Calculate the highest common divisor of 44 and 451.
11
What is the highest common factor of 275 and 775?
25
What is the highest common divisor of 15 and 10?
5
What is the greatest common factor of 6925 and 100?
25
What is the highest common factor of 1015 and 145?
145
Calculate the highest common divisor of 782 and 92.
46
Calculate the greatest common factor of 2623 and 1220.
61
Calculate the highest common divisor of 49 and 1113.
7
What is the highest common divisor of 3090 and 45?
15
Calculate the greatest common factor of 336 and 7.
7
Calculate the highest common divisor of 1222 and 470.
94
What is the greatest common factor of 4 and 464?
4
Calc